= -w**3 + 5*w**2 - w + 937. Let q be t(0). Let f = 1691 - q. List the prime factors of f.
2, 13, 29
Let q(j) be the third derivative of j**5/4 - 7*j**4/12 - 5*j**3/3 + 27*j**2. Let m be q(-5). Suppose 0 = 4*g + g - m. What are the prime factors of g?
3, 29
Let r(y) = -y**2 + 4*y + 48. Let q be r(-5). Suppose -4*j + w + 2255 = 0, 6*j + 4*w - 1715 = q*j. List the prime factors of j.
5, 113
Let z(g) = 7*g**2 - 64*g - 668. What are the prime factors of z(-23)?
4507
Let x(v) = -26*v**2 - 21*v + 15. Let b(q) = -129*q**2 - 106*q + 78. Let o(p) = 2*b(p) - 11*x(p). What are the prime factors of o(5)?
2, 3, 131
Let x(i) be the first derivative of 44*i**3/3 + 5*i**2/2 + 90. List the prime factors of x(-3).
3, 127
List the prime factors of 15/(((-450)/(-10776))/25).
2, 5, 449
Suppose -280*p + 284*p - 1160 = 0. Suppose -5*o = -5*n + p, -5*n - 4*o + 288 = -7*o. List the prime factors of n.
3, 19
Let f(w) be the second derivative of -w**5/20 + 13*w**4/12 - 13*w**3/6 + 3*w**2/2 + 142*w. What are the prime factors of f(8)?
3, 73
Let w = -4244 + 5375. What are the prime factors of w?
3, 13, 29
Let t be 33/3 + (2 - 1). Let o be (-161 + -1)*t/9. What are the prime factors of (o/30)/(2/(-60))?
2, 3
Suppose -7*g + 904 = -34. Let b = g - 42. List the prime factors of (-36)/(-60) - b/(-5).
19
Let z(i) = i**2 - 7*i - 59. Let p be z(12). Let r(h) = -h + 6. Let q(l) = 3. Let b(u) = 14*q(u) - 6*r(u). List the prime factors of b(p).
2, 3
Let k = 36 + -34. Suppose -k*g = 4*w + w - 1, -5*g + w - 65 = 0. What are the prime factors of (-9)/g + (-927)/(-12)?
2, 3, 13
Suppose 0 = -2*d + 14, -3*d + 215190 = 4*l - d. What are the prime factors of l?
2, 13, 2069
Suppose -5*z = -3*p + 682, -5*z - 453 = -2*p - 2*z. Let h = -60 + p. List the prime factors of h.
3, 53
Suppose 124501 = 5*i + 3*m, -25*m + 27*m = -16. What are the prime factors of i?
5, 17, 293
Let d(s) = 10*s**2 - 12*s - 739. What are the prime factors of d(-32)?
3, 5, 659
Let l(n) = n**3 + 17*n**2 + 14*n - 26. Let d be l(-16). Suppose -d = -7*h + 5*h. What are the prime factors of h/(-4) + (-9)/36 - -142?
3, 47
Let r be (297/4)/(-9) + (-2)/(-8). Let i be (-3 + (-279)/12)/(3/r). List the prime factors of 320/7 - (-20)/i.
2, 23
Let d be (-56)/12 + 4/(-3). Let a(q) = q**3 + 7*q**2 + 11*q + 9. Let v be a(d). Let p = v - -40. List the prime factors of p.
19
Suppose -3*l = -3*p + 2*p - 81, -5*l = 25. Let g = 99 + p. Suppose g*j = -3*f + 2*f + 23, 148 = 4*f - 2*j. List the prime factors of f.
5, 7
Suppose -5*w = -0*w + p - 407, p + 3 = 0. Suppose b + 11 = -b - 5*y, 5*b = 5*y + 25. List the prime factors of w/(-4)*(4 + -6) + b.
43
Suppose 4*v - 1 - 7 = 0. Let g(p) = 2*p**2 + 7*p + 5. Let c(j) = j**2 + 8*j + 5. Let l(x) = v*g(x) - 3*c(x). What are the prime factors of l(-4)?
3, 17
Let n(c) be the third derivative of 13*c**4/12 - c**3/3 - 6*c**2. Let a be n(6). Suppose -3*m + a + 80 = 0. List the prime factors of m.
2, 3, 13
List the prime factors of (-248)/(-60) + -1 + -3 - (-15885408)/990.
2, 71, 113
Let d(n) = -n**2 - 12*n + 52. Let v be d(-15). Let k(u) = -v*u**3 - 55*u**2 + 8 - 52*u**2 + u + 103*u**2. What are the prime factors of k(-3)?
2, 79
Let v(p) = 27*p + 190. Suppose 3*f + 13 = 4*f + 3*y, -2*f + 28 = 4*y. List the prime factors of v(f).
2, 311
Suppose 72*c = 73*c - 914. What are the prime factors of c?
2, 457
Let d = -260 - -265. Suppose -2*v - 3*o = -858, -17*v = -18*v + d*o + 442. What are the prime factors of v?
2, 3
Suppose -31 = 4*j - 23. What are the prime factors of (-1 - j)/((-14)/(-6664))?
2, 7, 17
Let l(y) = -4 - y - 2*y**2 + 2 + 3*y**2 - 8. Let k be l(-3). Suppose 0 = -k*s + 5*s - 348. List the prime factors of s.
2, 29
Suppose -282 = -2*j - 268. Suppose l + 3*s - 294 = 0, -4*l + 1187 = -j*s + 8*s. What are the prime factors of l?
3, 11
Suppose 4*p - 4 = 0, -9*k + 8*k + 2*p = -124. Let h = 39 + k. What are the prime factors of h?
3, 5, 11
Let g = 11082 + -11204. Let w be 2/(-8) + (-439)/4. Let a = w - g. What are the prime factors of a?
2, 3
Let v(b) = 4*b**2 - 9*b + 2. Let q(y) = -y**3 + 20*y**2 + 22*y - 38. Let k be q(21). Let x = k + 24. List the prime factors of v(x).
3, 5
Let s(u) = -3844*u + 2563. List the prime factors of s(-14).
3, 18793
Suppose -17*x = -30925 - 4197. List the prime factors of x.
2, 1033
Suppose 3*w - 3422 = -6*g + 37723, -5*g + 5*w = -34295. What are the prime factors of g?
2, 3, 127
Let m(v) be the second derivative of -v**4/12 + v**3/6 + 3*v**2/2 - 13*v. Let h be m(0). List the prime factors of (4/h)/((-4)/(-102)).
2, 17
Let f(s) be the first derivative of -27*s**4/2 + 2*s**3/3 - 3*s**2/2 + 13*s + 138. What are the prime factors of f(-3)?
2, 7, 107
Let l = 40501 - 28782. List the prime factors of l.
11719
Suppose -5*r - 5*f + 1142 = -f, 5*r = 3*f + 1121. Let k be (3 + 0)/(-6)*-6. Suppose 2*p - r = -z, -k*z = -5*p + 410 + 166. List the prime factors of p.
2, 3, 19
Let t(c) be the third derivative of -c**5/60 + 5*c**4/8 + 13*c**3/3 - 5*c**2. Let a be t(13). Suppose 3*x = 4*x - a. What are the prime factors of x?
2, 13
Let y = -65 - -59. Let d(h) = 2*h**2 - 16*h - 27. Let z be d(y). Suppose -4*p + 485 = z. What are the prime factors of p?
2, 43
Let h = -3877 + 7611. What are the prime factors of h?
2, 1867
Suppose -635145 = -1466*u + 1431*u. List the prime factors of u.
3, 23, 263
Suppose -4*q - j - 9 = 2*j, -2*j + 22 = -2*q. What are the prime factors of (6/1)/(4/q*-1)?
3
Suppose -7*f + 483 = -28. Let h(y) = 19 - f*y + 73*y - 4 - y**2. List the prime factors of h(0).
3, 5
Let l be (2 + 4 - 6)/(-3). Let v(u) = 3*u**3 + 555. What are the prime factors of v(l)?
3, 5, 37
Let t = -14130 - -14220. Let o = -165 - -90. Let c = t + o. List the prime factors of c.
3, 5
Suppose 23*d = 31826 - 6250. Suppose -4*o + 7*q + d = 9*q, 0 = 3*o + q - 834. What are the prime factors of o?
2, 139
Let u be 10/(-2) - (-4 + (-10)/10). Suppose x - 179 = 4*c, 5*x + 0*x - 2*c - 931 = u. What are the prime factors of x?
11, 17
Let x = 124 - 391. Let p = 388 + x. What are the prime factors of p?
11
Let v be (12/(-10))/(-5*(-8)/300). Let q be -5 - (2 - 2) - v. Suppose q*j - 260 - 424 = 0. List the prime factors of j.
3, 19
Let a(k) = 621*k**3 - k**2 + k - 1. Let m be a(1). Suppose m = h + 213. Let q = 601 - h. What are the prime factors of q?
2, 97
Let d(u) = 59*u**3 + u**2 + 6*u + 5. Let y be d(-1). What are the prime factors of (-3 + 9 - 10)/(2/y)?
2, 59
Suppose i + 4*g + 36 = -9, 2*i - g = -126. Let o = 269 + i. What are the prime factors of (75/20)/(6/o)?
2, 5, 13
Suppose -2*r + 341 = 5*n + 25, 2*n - 115 = 3*r. Let i(u) = n*u**3 + 2 - 4*u + 3 - 1. What are the prime factors of i(1)?
2, 31
Let u = -295 + 285. List the prime factors of 255884/340 - 4/u.
3, 251
Suppose -99155 = -9*j + 43090. List the prime factors of j.
5, 29, 109
Suppose 0 = 31*z - 38298 - 17471. List the prime factors of z.
7, 257
Suppose 3*o - 14035 = -3*k + 8003, 0 = -6*k - 12. What are the prime factors of o?
2, 11, 167
Suppose -4*g = 4*f - 28452, 3*f + 241*g - 237*g - 21345 = 0. What are the prime factors of f?
3, 23, 103
Let l(t) = -t**2 + 13*t - 40. Let p be l(8). Suppose 8*x + 19*x - 4644 = p. What are the prime factors of x?
2, 43
Let p(t) = 4*t**2 + 7*t - 143. Let o be p(-15). Let y = o - 354. List the prime factors of y.
2, 149
Let y(v) = -6 - 7 + 25 + 5*v - 2*v. Let j be y(15). Suppose -3*m + 75 + j = 0. List the prime factors of m.
2, 11
Let z(d) = 3961*d + 83. Let v be z(7). What are the prime factors of (1/5)/(v/6950 + -4)?
139
Let c = 10500 - -998. List the prime factors of c.
2, 5749
What are the prime factors of (-25)/175 + (-379860)/(-35)?
10853
Let b = 16653 - -6683. List the prime factors of b.
2, 2917
Suppose -4*b = -5*i + 205138, -1475*i - 41029 = -1476*i + b. What are the prime factors of i?
2, 3, 43, 53
Suppose -b = 2*p, 6*b + 5*p = b - 10. Let z(x) = -4*x**3 - x**2 + 3*x + 5. List the prime factors of z(b).
233
Let y = 40026 - 13928. What are the prime factors of y?
2, 13049
Let f = 32 + -29. Suppose -4*d + 1 = 5*w - 9, d + f*w = 6. Suppose d = -l + 2*l - 130. List the prime factors of l.
2, 5, 13
Suppose -218 = -4*s + 174. Suppose 5*r - 17 = s. Let n(u) = -2*u**2 + 48*u + 17. What are the prime factors of n(r)?
3, 7
Let i(h) = -2*h**2 + 17*h - 4. Let l be i(8). Suppose 0 = -l*z - z + 3*d + 1282, -d = 4. List th